site?
True
Is 2911 a prime number?
False
Is 23891 a prime number?
False
Is 228181 prime?
True
Is 37337 a prime number?
True
Is 556487 a prime number?
True
Is 36794 a prime number?
False
Is 6607 a composite number?
False
Is 21247 prime?
True
Is 579877 a composite number?
False
Is 62723 prime?
True
Is 887 prime?
True
Is 85571 composite?
False
Is 77471 a prime number?
True
Is 4798 a composite number?
True
Is 6362 prime?
False
Is 102989 a composite number?
True
Is 21871 composite?
False
Is 72866 a composite number?
True
Is 24197 a prime number?
True
Is 8561 a composite number?
True
Is 4109 a composite number?
True
Is 1685 a prime number?
False
Is 1318533 a prime number?
False
Is 70753 composite?
False
Is 36481 composite?
True
Is 44546 prime?
False
Is 250543 a prime number?
True
Is 3806513 prime?
False
Is 40735 a composite number?
True
Is 9701 a prime number?
False
Is 11065 a prime number?
False
Is 17855 a composite number?
True
Is 163435 composite?
True
Is 37915 a composite number?
True
Is 3299 a prime number?
True
Is 481 prime?
False
Is 4117 a composite number?
True
Is 133477 a prime number?
False
Is 71647 a prime number?
True
Is 10193 composite?
False
Is 10369 prime?
True
Is 6067 prime?
True
Is 188131 a prime number?
False
Is 4759 a composite number?
False
Is 1799 prime?
False
Is 61453 prime?
False
Is 293 prime?
True
Is 26089 composite?
True
Is 353877 composite?
True
Is 486635 a prime number?
False
Is 332126 a prime number?
False
Is 31573 prime?
True
Is 5099 composite?
False
Is 48562 a prime number?
False
Is 10681 composite?
True
Is 3081733 a prime number?
False
Is 143795 a prime number?
False
Is 330335 a composite number?
True
Is 3433 a composite number?
False
Is 82781 a composite number?
False
Is 106043 prime?
False
Is 251 a prime number?
True
Is 917993 prime?
True
Is 1649 a prime number?
False
Is 84442 composite?
True
Is 96559 a composite number?
True
Is 29779 a composite number?
True
Is 146161 prime?
True
Is 190609 a composite number?
True
Is 162311 prime?
False
Is 1086374 a prime number?
False
Is 41911 a composite number?
False
Is 64594 prime?
False
Is 3353 composite?
True
Is 18353 a composite number?
False
Is 435679 composite?
False
Is 4801303 composite?
True
Is 27611 prime?
True
Is 7969 a prime number?
False
Is 46219 prime?
True
Is 25015 prime?
False
Is 1116641 prime?
True
Is 54181 a composite number?
False
Is 16129 prime?
False
Is 112403 prime?
True
Is 84614 composite?
True
Is 143383 composite?
True
Is 112655 composite?
True
Is 477851 a composite number?
True
Is 10369 composite?
False
Is 338189 a composite number?
True
Is 34793 a composite number?
True
Is 647353 a composite number?
True
Is 635 prime?
False
Is 1823 a prime number?
True
Is 140003 composite?
True
Is 78781 a composite number?
False
Is 328039 prime?
False
Is 26899 prime?
False
Is 18185 a prime number?
False
Is 563 a prime number?
True
Is 8039 composite?
False
Is 62978 prime?
False
Is 11057 a composite number?
False
Is 24991 a composite number?
True
Is 762539 composite?
False
Is 10265 prime?
False
Is 475949 prime?
False
Is 5623 composite?
False
Is 83751 prime?
False
Is 199309 a prime number?
False
Is 27989 prime?
False
Is 834371 prime?
False
Is 18713 a composite number?
False
Is 47167 prime?
False
Is 43481 prime?
True
Is 26773 composite?
True
Is 230245 composite?
True
Is 5779 a composite number?
False
Is 2789 prime?
True
Is 347179 a prime number?
False
Is 54737 composite?
True
Is 85681 composite?
True
Is 156383 prime?
False
Is 2380787 prime?
True
Is 240421 a prime number?
True
Is 18453 prime?
False
Is 11771 prime?
False
Is 5623 a composite number?
False
Is 3631637 a composite number?
False
Is 245903 prime?
False
Is 160579 composite?
False
Is 28901 prime?
True
Is 1791362 a prime number?
False
Is 5429 a prime number?
False
Is 52493 prime?
False
Is 5069 prime?
False
Is 1800199 composite?
False
Is 351913 prime?
True
Is 147709 a composite number?
False
Is 1056274 a composite number?
True
Is 472793 prime?
True
Is 5561 prime?
False
Is 48133 prime?
False
Is 3935 composite?
True
Is 256697 a composite number?
True
Is 7559 a composite number?
False
Is 99353 a composite number?
True
Is 118595 a composite number?
True
Is 43447 composite?
True
Is 1754311 a composite number?
True
Is 14903 a composite number?
True
Is 3543 composite?
True
Is 254729 a composite number?
False
Is 1507 a composite number?
True
Is 7001 a prime number?
True
Is 75967 composite?
False
Is 2333 prime?
True
Is 217441 prime?
False
Is 35831 a composite number?
False
Is 254321 composite?
True
Is 25613 a prime number?
False
Is 43661 composite?
False
Is 46021 a composite number?
False
Is 26913 composite?
True
Is 4121677 a prime number?
False
Is 384533 a prime number?
True
Is 36382 prime?
False
Is 43853 a composite number?
False
Is 6641 prime?
False
Is 58801 composite?
True
Is 15245 composite?
True
Is 299843 composite?
False
Is 77417 a prime number?
True
Is 1481 a prime number?
True
Is 7669 prime?
True
Is 3593 composite?
False
Is 14359 a prime number?
False
Is 2039789 composite?
False
Is 64747 a prime number?
True
Is 299855 prime?
False
Is 516251 composite?
False
Is 5381 a prime number?
True
Is 95435 a composite number?
True
Is 889039 a composite number?
False
Is 4849 composite?
True
Is 31813 a prime number?
False
Is 20201 prime?
True
Is 1064119 a prime number?
False
Is 257809 prime?
False
Is 35943 composite?
True
Is 88643 prime?
True
Is 408745 a prime number?
False
Is 136891 a prime number?
False
Is 99689 a prime number?
True
Is 167767 composite?
True
Is 33257 prime?
False
Is 2374 prime?
False
Is 242531 prime?
False
Is 159787 prime?
True
Is 44717 a prime number?
False
Is 29343 prime?
False
Is 771569 a prime number?
True
Is 469871 composite?
True
Is 5834 a prime number?
False
Is 125017 prime?
True
Is 1847 a prime number?
True
Is 25861 prime?
False
Is 57867 a prime number?
False
Is 2148319 prime?
False
Is 13517 a prime number?
False
Is 1783 composite?
False
Is 114997 a composite number?
False
Is 8819 a composite number?
False
Is 17231 prime?
True
Is 13931 a prime number?
True
Is 302213 prime?
True
Is 98871 composite?
True
Is 46039 a prime number?
False
Is 8641 prime?
True
Is 56195 a composite number?
True
Is 3881 a prime number?
True
Is 19457 composite?
False
Is 307459 prime?
False
Is 290593 a composite number?
False
Is 177521 prime?
False
Is 23854 composite?
True
Is 476419 a composite number?
False
Is 156089 a prime number?
True
Is 286799 a prime number?
False
Is 32869 composite?
False
Is 21529 a prime number?
True
Is 1563895 a composite number?
True
Is 82153 composite?
False
Is 1579 a prime number?
True
Is 332687 composite?
False
Is 29749 a composite number?
True
Is 4847 a composite number?
True
Is 541 composite?
False
Is 1543 a composite number?
False
Is 47287 prime?
True
Is 141029 prime?
False
Is 551 a prime number?
False
Is 13859 a prime number?
True
Is 130997 a composite number?
True
Is 5059 prime?
True
Is 120473 prime?
True
Is 11917 prime?
False
Is 161137 composite?
False
Is 136013 composite?
False
Is 15761 a prime number?
True
Is 37957 a prime number?
True
Is 437587 prime?
True
Is 2149 a prime number?
False
Is 24935 composite?
True
Is 1056563 composite?
False
Is 14453 a prime number?
False
Is 419065 prime?
False
Is 10495 a composite number?
True
Is 3433 a prime number?
True
Is 1621 a prime number?
True
Is 49127 composite?
True
Is 9119 a prime number?
False
Is 19387 composite?
False
Is 671 a prime number?
False
Is 86747 a composite number?
True
Is 12499 a composite number?
True
Is 519 a composite number?
True
Is 1823761 a prime number?
False
Is 467 a composite number?
False
Is 62081 a prime number?
True
Is 3497 a prime number?
False
Is 469429 a prime number?
True
Is 303977 a prime number?
False
Is 16138 a composite number?
True
Is 557 composite?
False
Is 11213 a composite number?
False
Is 35878 prime?
False
Is 690187 composite?
False
Is 123001 composite?
False
Is 416881 a composite number?
False
Is 30289 prime?
False
Is 1536683 prime?
True
Is 4561 a composite number?
False
Is 393847 composite?
False
Is 96629 a composite number?
True
Is 2573 a composite number?
True
Is 729449 composite?
True
Is 155315 composite?
True
Is 40949 composite?
False
Is 1799 composite?
True
Is 36979 composite?
False
Is 24263 a prime number?
